. What is v(k)?
7
Let d(h) = h**3 - 4*h**2 - 4*h - 7. Let y(u) = -2*u**3 + 6*u**2 + 8*u + 13. Let j(r) = -5*d(r) - 3*y(r). Give j(-3).
-1
Let s be (0 + 5/(-10))*-18. Let k(t) = t**3 - 10*t**2 + 7*t + 2. Calculate k(s).
-16
Let o(g) be the second derivative of g**4/12 + 7*g**3/3 + 7*g**2 + 139*g. What is o(-12)?
-10
Suppose 5*y = 4*a - 41, 0 = -a + 2*a + 3*y - 6. Let t(j) = -6*j + 4*j + 8 + a - 22. What is t(-4)?
3
Let n(w) = -w**2 - 7*w - 5. Let j(q) = -2*q - 16. Let g be j(-9). Suppose -10 = 3*t + g. Calculate n(t).
7
Let v(b) = -b + 2. Suppose -13*t + 61 - 9 = 0. What is v(t)?
-2
Let w(i) = -2. Let x(v) = v - 1. Let c(d) = -w(d) + 2*x(d). What is c(-12)?
-24
Let c(h) = -h**3 + 12*h**2 - 1. Let y = -126 + 138. What is c(y)?
-1
Suppose -3*q = -y + 8, -4*y - 4 = 2*q - 22. Suppose v + 19 - 4 = -5*s, -y*v + 45 = -5*s. Let k(j) = -j**3 + 4*j**2 + 4*j + 5. Calculate k(v).
0
Let m(z) = -3*z**2 - 4 - 3*z**3 + z + z + 4*z**3. Suppose -2 = a - 2*a. Suppose a*u + 2*u - 12 = 0. Give m(u).
2
Let l(n) = -3*n**3 - 2*n**2 - n + 1. Suppose 0 = -6*q + 17 - 5. Calculate l(q).
-33
Let w(a) = -3*a - 79 - 73 + 2*a + 154. Determine w(2).
0
Let j(d) = d + 1. Let c(p) = -p. Let l(s) = c(s) + 2*j(s). Let b be l(-4). Let g(r) = -2*r**2 - r + 2. Determine g(b).
-4
Let o(w) = -9*w + 58. Let t be o(7). Let n(v) = -6*v + 3. Calculate n(t).
33
Let a(h) = -19*h**2 + 8*h + 1. Let k(p) = 35*p**2 - 15*p - 2. Let n(u) = -11*a(u) - 6*k(u). Determine n(-1).
-2
Let s = 52 + -50. Suppose -5*v - g - 19 = 4, s*v + 11 = -g. Let r(k) = -4 - k - 1 + 3. Give r(v).
2
Let x be 5 + 7/(21/(-9)). Let j(i) = 2*i - 3 + 80*i**2 - 81*i**x + 3*i. Give j(5).
-3
Let u(t) be the second derivative of -t**5/20 - 5*t**4/6 - 3*t**3/2 + 7*t**2/2 + 23*t. Determine u(-9).
7
Let m(r) = -r**2 + 3. Suppose 2*g + 2 = -2*i + 6, 3*i = g + 18. Determine m(i).
-22
Let d(u) = u**3 + 2*u**2 - 2*u - 3. Suppose -b = 3*b. Let w be -1 - ((-4)/(-2) + b). Give d(w).
-6
Let y(t) be the third derivative of 0 - 10*t**2 + 1/6*t**3 + 5/24*t**4 + 0*t. Determine y(1).
6
Let k(f) = 5*f - 1. Let n(q) = 0*q + 3*q - 4*q + 0*q. Let m be n(-8). Let g = m - 7. Determine k(g).
4
Let c(t) = 7*t**2 + 57*t + 16. Let a be c(-8). Let y(p) = p**3 - 8*p**2 - 2*p + 10. Calculate y(a).
-6
Let a(d) = 12*d - 36*d + 3 + 18*d. What is a(3)?
-15
Let q be 21/9 - (-10)/15. Let j(m) = m**3 + 2*m**2 - 1. Let l(f) = -2*f**3 - 5*f**2 - f + 3. Let x(c) = q*l(c) + 7*j(c). Determine x(3).
11
Suppose 4*v = t + 12, -2*v - 3 = -3*v - 4*t. Suppose v*a - 9 = 3*s, 3*a - 7 = 8. Let h(i) = -1 + s + 4*i + 2. Determine h(-4).
-13
Let x(z) = -z**3 + 7*z**2 - 9*z + 12. Let k = 353 + -347. Determine x(k).
-6
Let q(l) be the first derivative of -l**3 + 3*l**2/2 + 2*l + 164. What is q(-1)?
-4
Let o(s) = -7*s + 2 + 6*s + 0 - 1. Let m(q) = -q**3 + q**2 + q. Let z be m(2). Let r be (1 + z + 0)/1. What is o(r)?
2
Let i(k) be the third derivative of k**5/60 - k**4/24 + k**3/3 + 2*k**2 + 2*k. Determine i(2).
4
Suppose 0*z = -2*z + 24. Let h = z - 8. Let l(n) = 7*n + n**3 + 4*n**2 + h - 13*n**2 + 2*n**2. Give l(6).
10
Let o(f) = -6*f**3 - 3*f**2 + 16*f + 4. Let m(d) = -d**3 + d. Let w(h) = 5*m(h) - o(h). Give w(-5).
1
Let d(h) = -6*h + 6. Let u(b) = 5*b - 5. Let z(t) = 4*d(t) + 5*u(t). Let x be 3/3*(2 + -2). Let r be 6 - 1/(-1 - x). Calculate z(r).
6
Let p(v) = 2*v - 3. Let c(f) = 13*f - 30. Let d(k) = c(k) - 6*p(k). What is d(8)?
-4
Let c(h) = -11*h**3 - 2*h**2 - 2*h - 9. Let v(p) = 5*p**3 + p**2 + p + 5. Let r(d) = 4*c(d) + 9*v(d). Calculate r(0).
9
Suppose -5*q - 4 = -5*i + 16, -5*i = 5*q. Let b be i/(-2) + (3 - 4). Let u(s) = -4*s + 1. Let o(c) = -4*c + 1. Let j(f) = -3*o(f) + 2*u(f). Calculate j(b).
-9
Let g(z) = z**2 - 9*z + 2. Let m = 245 - 235. Give g(m).
12
Let u be 830/(-332)*(1 + 6/(-10)). Let i(z) = -z - 1. Determine i(u).
0
Let a(t) = 2. Let q(j) = 2*j - 14. Let i(g) = -6*a(g) - q(g). What is i(-7)?
16
Let y(d) be the third derivative of 0*d + 0 + 1/60*d**5 - 1/6*d**4 + 7/6*d**3 - 5*d**2. Suppose -x + 25 = 4*x. Calculate y(x).
12
Let h(k) = k**2 + 3*k**2 - 2*k**2 - 2 - 2*k. Let q = -92 - -95. Determine h(q).
10
Let k(s) = -s - 5. Let f(u) = u**2 + 11*u + 15. Let t(w) = f(w) + 3*k(w). Give t(-6).
-12
Let q(m) = 5*m - 1. Let x(h) = 9*h - 2. Let z(t) = 2*q(t) - x(t). Determine z(-9).
-9
Suppose -9*b + 699 = 708. Let h(r) = -r**3 + 0*r**3 + 6*r**3 + 0*r**3. Determine h(b).
-5
Let o(g) = 3*g + 23. Let u be o(-7). Let z(p) = -7 - p + 24*p**2 + 25*p**2 - 48*p**u + 2. What is z(0)?
-5
Let v = -45 - -60. Let r(q) = 13*q - v*q + 15*q. Let x be 1/(2/(-2 + 4)). Give r(x).
13
Let m = -646 - -643. Let i(n) = -n**3 - n**2 + 5*n - 5. Determine i(m).
-2
Let t(h) be the second derivative of h**5/20 - 11*h**4/12 - 9*h**3/2 + 618*h. What is t(13)?
-13
Let q(d) = d**3 - 13*d**2 + 11*d - 8. Suppose -181 = -16*r + 11. Give q(r).
-20
Suppose 0 = 6*r - 0 + 102. Let x(p) = p**2 + 18*p - 6. Give x(r).
-23
Let m = 31 + -43. Let q be (-5)/(270/m) + 56/(-9). Let i(d) = -d**2 - 7*d. What is i(q)?
6
Let p be 45/(-15) - (-2 + -1). Let v(t) = t**3 - t - 3. What is v(p)?
-3
Let c(x) = -x - 2. Suppose 18*u = 10*u + 16. Suppose -5*l - 10 = -u*i, -2*l = 4*i - 1 - 19. Calculate c(i).
-7
Let z(j) = j**2 - 7*j + 5. Let i be 38/(-304) + (-57)/(-8). Calculate z(i).
5
Let s(y) be the second derivative of -y**5/20 - y**4/4 - y**3/3 - 2*y + 20. Determine s(-2).
0
Let r be (-13 - -10) + 45 + 1. Let f = 49 - r. Let x(u) = -u**3 + 6*u**2 + 3*u - 7. Calculate x(f).
11
Let x(p) be the first derivative of p**5/60 - p**4/4 - p**3/6 + 2*p**2 - 4. Let z(a) be the second derivative of x(a). Let f = -39 - -45. Determine z(f).
-1
Let j(z) be the first derivative of z**2/2 + 2*z - 164. Determine j(13).
15
Let z(v) = -27 - 2*v + 11 + 13 + 6 - v**3 + v**2. Let w be z(2). Let d(y) = -y**2 - 4*y + 5. Calculate d(w).
0
Let h(w) = -10*w + 114. Let d be h(11). Let c(m) = 2*m**3 - m**2 + 3*m + 1. Let n(s) = s**3 + 2*s + 1. Let b(p) = -4*c(p) + 7*n(p). What is b(d)?
11
Let r(x) = -2*x + 7. Let a = -6 + 10. Suppose -b = 5*t - a*b + 143, -2*b + 86 = -3*t. Let q be (-21)/t*40/6. What is r(q)?
-3
Suppose -19*r = -20*r + 3. Suppose l = r*y + 17, 5*y - 2*y = -5*l - 5. Let m(b) = -4*b + 1. Determine m(l).
-7
Let w(h) be the third derivative of 0*h + 9*h**2 + 0 + 1/6*h**3 + 0*h**5 + 7/60*h**6 + 0*h**4. Calculate w(-1).
-13
Suppose 3*x + 2 = x. Let b be 5 + x*(-1)/(-1). Let z(l) = -5 + b - l**3 + 0. Calculate z(0).
-1
Let t(n) = n - 9. Let s(p) = 3*p - 18. Let a(m) = -4*s(m) + 9*t(m). What is a(-4)?
3
Let u(x) be the second derivative of -x**8/960 - x**7/2520 - x**6/720 - x**5/120 + 3*x**4/2 - 9*x. Let o(m) be the third derivative of u(m). Determine o(-1).
6
Let h(w) be the third derivative of -7/24*w**4 - 1/60*w**5 + 0*w - 25*w**2 + 0 + 0*w**3. Give h(-6).
6
Let k(d) be the second derivative of d**4/12 + d**3/3 - 3*d**2 - 63*d. What is k(-4)?
2
Let t(z) = -z + 3. Let a be (-3)/(-4)*(-4 + 0). Let c(b) = 1. Let s(k) = a*t(k) + 5*c(k). Determine s(3).
5
Let t be (-1 + 12/(-6))*(1 - 2). Let h(r) = -2*r**2 + 2*r. Calculate h(t).
-12
Let z be 23/4 + ((-183)/(-610))/((-6)/(-5)). Let i(d) be the third derivative of -d**5/60 + 5*d**4/24 - d**3/3 - d**2. Give i(z).
-8
Let l(b) = -b**3 - 25*b**2 + 4. Let i be l(-25). Let w(a) = a - i + 8 - 7 + 12. What is w(-13)?
-4
Let d = -516 - -514. Let t(c) = 17*c + 2. Calculate t(d).
-32
Let r(x) be the first derivative of 9*x**2/2 + x + 85. What is r(1)?
10
Let h(j) = j**2 - 6*j - 13. Let o(r) = 3*r**2 - 18*r - 38. Suppose 1 = s + 5. Let u(m) = s*o(m) + 11*h(m). Calculate u(7).
2
Suppose -5*d = -22 - 8. Let o(x) be the first derivative of 2 - 6*x - 3*x**2 + 1/3*x**3. Calculate o(d).
-6
Let k(u) = 2*u - 5. Suppose 0 = -9*n - 26 - 10. Let i(w) = w - 3. Let r(d) = n*k(d) + 9*i(d). Determine r(6).
-1
Let s(y) be the third derivative of y**6/120 + 7*y**5/30 - y**4/12 - 7*y**3/2 + 64*y**2 - 2*y. Calculate s(-14).
7
Let c(j) = j + 14. Suppose 15 = -2*k + 3*i, 13*k = 14*k + 3*i + 3. Determine c(k).
8
Let x(w) = -w**2 - 5*w + 6. Suppose 0 = 7*l + 54 + 72. Let t = l - -9. Let o be (18/t)/((-2)/(-7)). Give x(o).
-8
Let s(n) = -2*n**3 + 2*n**2. Let o(t) = -t**2 - 18*t - 64. Let i be o(-6). Let g be 1/(4 - 28/i). Calculate s(g).
-8
Let m(q) = q**2 - q + 1. Let t be m(2). Let a(x) = -3*x**3 - x**2 - x**3 - 5*x**3 + 5*x**t. 